the remainder when 42937 is divided by 2261?
2239
Calculate the remainder when 821020 is divided by 369.
364
Calculate the remainder when 9245 is divided by 12.
5
Calculate the remainder when 309534 is divided by 70.
64
Calculate the remainder when 2944 is divided by 305.
199
Calculate the remainder when 80794 is divided by 381.
22
What is the remainder when 25308 is divided by 2529?
18
What is the remainder when 659 is divided by 223?
213
Calculate the remainder when 2693 is divided by 1329.
35
What is the remainder when 3733 is divided by 194?
47
What is the remainder when 493130 is divided by 193?
15
Calculate the remainder when 161754 is divided by 57.
45
Calculate the remainder when 36736 is divided by 62.
32
What is the remainder when 181095 is divided by 22?
13
Calculate the remainder when 30028 is divided by 830.
148
What is the remainder when 1415 is divided by 141?
5
Calculate the remainder when 47055 is divided by 23.
20
What is the remainder when 1067 is divided by 958?
109
What is the remainder when 42350 is divided by 27?
14
Calculate the remainder when 734 is divided by 80.
14
Calculate the remainder when 107909 is divided by 41.
38
What is the remainder when 42817 is divided by 18?
13
Calculate the remainder when 63180 is divided by 117.
0
What is the remainder when 2467 is divided by 762?
181
What is the remainder when 3437 is divided by 30?
17
What is the remainder when 2963 is divided by 275?
213
Calculate the remainder when 16580 is divided by 1603.
550
Calculate the remainder when 59548 is divided by 150.
148
What is the remainder when 60741 is divided by 37?
24
What is the remainder when 2152 is divided by 42?
10
What is the remainder when 5780 is divided by 4011?
1769
Calculate the remainder when 5305 is divided by 156.
1
What is the remainder when 15449 is divided by 2569?
35
What is the remainder when 50419 is divided by 595?
439
Calculate the remainder when 35618 is divided by 45.
23
What is the remainder when 51799 is divided by 8?
7
What is the remainder when 4815 is divided by 1598?
21
What is the remainder when 652 is divided by 32?
12
Calculate the remainder when 1085 is divided by 83.
6
What is the remainder when 33430 is divided by 6682?
20
What is the remainder when 249452 is divided by 2114?
0
What is the remainder when 11867 is divided by 92?
91
Calculate the remainder when 4146 is divided by 4023.
123
What is the remainder when 58141 is divided by 9669?
127
What is the remainder when 9201 is divided by 86?
85
What is the remainder when 3900 is divided by 122?
118
Calculate the remainder when 214246 is divided by 71358.
172
What is the remainder when 60760 is divided by 571?
234
Calculate the remainder when 76611 is divided by 199.
195
Calculate the remainder when 50620 is divided by 26.
24
Calculate the remainder when 66145 is divided by 96.
1
Calculate the remainder when 6995 is divided by 874.
3
Calculate the remainder when 17455 is divided by 8724.
7
What is the remainder when 69253 is divided by 34619?
15
What is the remainder when 12887 is divided by 1286?
27
What is the remainder when 211634 is divided by 148?
142
Calculate the remainder when 288042 is divided by 96011.
9
Calculate the remainder when 305795 is divided by 44.
39
Calculate the remainder when 13243 is divided by 1019.
1015
What is the remainder when 35685 is divided by 219?
207
What is the remainder when 111264 is divided by 37084?
12
Calculate the remainder when 44386 is divided by 14795.
1
Calculate the remainder when 139712 is divided by 499.
491
What is the remainder when 1021 is divided by 907?
114
Calculate the remainder when 117527 is divided by 2178.
2093
Calculate the remainder when 58335 is divided by 614.
5
What is the remainder when 4102 is divided by 2029?
44
What is the remainder when 13875 is divided by 134?
73
Calculate the remainder when 4890 is divided by 1195.
110
Calculate the remainder when 8791 is divided by 4337.
117
Calculate the remainder when 1722 is divided by 124.
110
What is the remainder when 3890 is divided by 3793?
97
Calculate the remainder when 756478 is divided by 768.
766
What is the remainder when 3473 is divided by 67?
56
Calculate the remainder when 5772 is divided by 20.
12
What is the remainder when 15081 is divided by 1722?
1305
Calculate the remainder when 38985 is divided by 9745.
5
What is the remainder when 5930 is divided by 213?
179
What is the remainder when 6914 is divided by 3398?
118
What is the remainder when 6823 is divided by 554?
175
What is the remainder when 50780 is divided by 186?
2
Calculate the remainder when 801 is divided by 743.
58
Calculate the remainder when 81572 is divided by 279.
104
Calculate the remainder when 1572429 is divided by 1598.
1595
Calculate the remainder when 35593 is divided by 10.
3
Calculate the remainder when 3964 is divided by 695.
489
Calculate the remainder when 601 is divided by 88.
73
Calculate the remainder when 11446 is divided by 266.
8
What is the remainder when 80609 is divided by 477?
473
What is the remainder when 14439 is divided by 205?
89
Calculate the remainder when 6451 is divided by 1280.
51
Calculate the remainder when 16166 is divided by 1656.
1262
Calculate the remainder when 76694 is divided by 6961.
123
What is the remainder when 30589 is divided by 160?
29
What is the remainder when 145849 is divided by 276?
121
What is the remainder when 2352349 is divided by 2774?
2771
What is the remainder when 2742 is divided by 2705?
37
What is the remainder when 2928 is divided by 47?
14
What is the remainder when 648 is divided by 232?
184
What is the remainder when 517910 is divided by 81?
77
Calculate the remainder when 18571 is divided by 9224.
123
Calculate the remainder when 159138 is divided by 436.
434
Calculate the remainder when 1756 is divided by 252.
244
What is the remainder when 28276 is divided by 673?
10
Calculate the remainder when 15216 is divided by 5.
1
Calculate the remainder when 331495 is divided by 153.
97
Calculate the remainder when 6356842 is divided by 78.
76
What is the remainder when 2272 is divided by 395?
297
What is the remainder when 70387 is divided by 61?
54
Calculate the remainder when 1295 is divided by 325.
320
Calculate the remainder when 12630 is divided by 122.
64
What is the remainder when 4864 is divided by 1774?
1316
Calculate the remainder when 8421 is divided by 148.
133
Calculate the remainder when 1761996 is divided by 1000.
996
Calculate the remainder when 157674 is divided by 9854.
10
What is the remainder when 7593 is divided by 687?
36
Calculate the remainder when 9147 is divided by 62.
33
Calculate the remainder when 89686 is divided by 1152.
982
What is the remainder when 670 is divided by 652?
18
What is the remainder when 10604 is divided by 757?
6
Calculate the remainder when 78358 is divided by 158.
148
Calculate the remainder when 471181 is divided by 235580.
21
What is the remainder when 74701 is divided by 12444?
37
Calculate the remainder when 1425 is divided by 17.
14
Calculate the remainder when 228 is divided by 195.
33
What is the remainder when 9605 is divided by 369?
11
What is the remainder when 545 is divided by 266?
13
Calculate the remainder when 7531 is divided by 55.
51
Calculate the remainder when 62410 is divided by 78.
10
Calculate the remainder when 4725 is divided by 121.
6
Calculate the remainder when 35434 is divided by 373.
372
What is the remainder when 1179 is divided by 65?
9
What is the remainder when 10121 is divided by 460?
1
What is the remainder when 276741 is divided by 276739?
2
What is the remainder when 88111 is divided by 8?
7
What is the remainder when 12871 is divided by 41?
38
What is the remainder when 28810 is divided by 14325?
160
What is the remainder when 87989 is divided by 21996?
5
What is the remainder when 38904 is divided by 184?
80
Calculate the remainder when 119710 is divided by 162.
154
Calculate the remainder when 3494 is divided by 234.
218
Calculate the remainder when 39345 is divided by 423.
6
What is the remainder when 13893 is divided by 8?
5
Calculate the remainder when 13394 is divided by 248.
2
Calculate the remainder when 2988 is divided by 856.
420
Calculate the remainder when 344048 is divided by 8001.
5
Calcul